Dec 03 19:49:54.264 INFO testing akaze-0.1.0 against master#8940af3cea4a9a9deabcaf843b2f8cad9a83fc61 for beta-1.31-5
Dec 03 19:49:54.264 INFO running `"docker" "create" "-v" "/mnt/big/crater/work/local/target-dirs/beta-1.31-5/worker-7/master#8940af3cea4a9a9deabcaf843b2f8cad9a83fc61:/target:rw,Z" "-v" "/mnt/big/crater/work/local/test-source/worker-7/beta-1.31-5/master#8940af3cea4a9a9deabcaf843b2f8cad9a83fc61:/source:ro,Z" "-v" "/mnt/big/crater/work/local/cargo-home:/cargo-home:ro,Z" "-v" "/mnt/big/crater/work/local/rustup-home:/rustup-home:ro,Z" "-e" "USER_ID=1000" "-e" "SOURCE_DIR=/source" "-e" "USER_ID=1000" "-e" "CMD=cargo +8940af3cea4a9a9deabcaf843b2f8cad9a83fc61-alt build --frozen" "-e" "CARGO_TARGET_DIR=/target" "-e" "CARGO_INCREMENTAL=0" "-e" "RUST_BACKTRACE=full" "-e" "RUSTFLAGS=--cap-lints=warn" "-e" "CARGO_HOME=/cargo-home" "-e" "RUSTUP_HOME=/rustup-home" "-m" "1536M" "--network" "none" "crater"`
Dec 03 19:49:54.772 INFO [stdout] 8846cd1bacba21c8daeb6da70b449d6e1c566ba9060f35d6d8ff62ab6e416d10
Dec 03 19:49:54.779 INFO running `"docker" "start" "-a" "8846cd1bacba21c8daeb6da70b449d6e1c566ba9060f35d6d8ff62ab6e416d10"`
Dec 03 19:49:56.812 INFO [stderr] usermod: no changes
Dec 03 19:49:56.897 INFO [stderr] warning: only one of `license` or `license-file` is necessary
Dec 03 19:49:57.183 INFO [stderr]    Compiling primal-sieve v0.2.9
Dec 03 19:49:57.183 INFO [stderr]    Compiling primal-check v0.2.3
Dec 03 19:49:57.183 INFO [stderr]    Compiling nalgebra v0.16.11
Dec 03 19:49:57.183 INFO [stderr]    Compiling serde_cbor v0.9.0
Dec 03 19:49:57.183 INFO [stderr]    Compiling image v0.20.1
Dec 03 19:50:05.519 INFO [stderr]    Compiling primal v0.2.3
Dec 03 19:50:57.428 INFO [stderr]    Compiling akaze v0.1.0 (/source)
Dec 03 19:51:04.555 INFO [stderr] warning: unused `std::result::Result` that must be used
Dec 03 19:51:04.555 INFO [stderr]    --> src/types/evolution.rs:164:5
Dec 03 19:51:04.556 INFO [stderr]     |
Dec 03 19:51:04.556 INFO [stderr] 164 |     write!(to_write, "{}{:05}.png", path_label, idx);
Dec 03 19:51:04.556 INFO [stderr]     |     ^^^^^^^^^^^^^^^^^^^^^^^^^^^^^^^^^^^^^^^^^^^^^^^^^
Dec 03 19:51:04.556 INFO [stderr]     |
Dec 03 19:51:04.557 INFO [stderr]     = note: #[warn(unused_must_use)] on by default
Dec 03 19:51:04.557 INFO [stderr]     = note: this `Result` may be an `Err` variant, which should be handled
Dec 03 19:51:04.557 INFO [stderr]     = note: this error originates in a macro outside of the current crate (in Nightly builds, run with -Z external-macro-backtrace for more info)
Dec 03 19:51:04.557 INFO [stderr] 
Dec 03 19:51:40.316 INFO [stderr]     Finished dev [unoptimized + debuginfo] target(s) in 1m 43s
Dec 03 19:51:40.332 INFO [stderr] su: No module specific data is present
Dec 03 19:51:42.376 INFO running `"docker" "inspect" "8846cd1bacba21c8daeb6da70b449d6e1c566ba9060f35d6d8ff62ab6e416d10"`
Dec 03 19:51:42.749 INFO running `"docker" "rm" "-f" "8846cd1bacba21c8daeb6da70b449d6e1c566ba9060f35d6d8ff62ab6e416d10"`
Dec 03 19:51:43.115 INFO [stdout] 8846cd1bacba21c8daeb6da70b449d6e1c566ba9060f35d6d8ff62ab6e416d10
Dec 03 19:51:43.117 INFO running `"docker" "create" "-v" "/mnt/big/crater/work/local/target-dirs/beta-1.31-5/worker-7/master#8940af3cea4a9a9deabcaf843b2f8cad9a83fc61:/target:rw,Z" "-v" "/mnt/big/crater/work/local/test-source/worker-7/beta-1.31-5/master#8940af3cea4a9a9deabcaf843b2f8cad9a83fc61:/source:ro,Z" "-v" "/mnt/big/crater/work/local/cargo-home:/cargo-home:ro,Z" "-v" "/mnt/big/crater/work/local/rustup-home:/rustup-home:ro,Z" "-e" "USER_ID=1000" "-e" "SOURCE_DIR=/source" "-e" "USER_ID=1000" "-e" "CMD=cargo +8940af3cea4a9a9deabcaf843b2f8cad9a83fc61-alt test --frozen --no-run" "-e" "CARGO_TARGET_DIR=/target" "-e" "CARGO_INCREMENTAL=0" "-e" "RUST_BACKTRACE=full" "-e" "RUSTFLAGS=--cap-lints=warn" "-e" "CARGO_HOME=/cargo-home" "-e" "RUSTUP_HOME=/rustup-home" "-m" "1536M" "--network" "none" "crater"`
Dec 03 19:51:43.680 INFO [stdout] 355c881ae7ae9af1ee3816b62db24422430ba1fd05584773d2d8b7c522c2951a
Dec 03 19:51:43.682 INFO running `"docker" "start" "-a" "355c881ae7ae9af1ee3816b62db24422430ba1fd05584773d2d8b7c522c2951a"`
Dec 03 19:51:46.162 INFO [stderr] usermod: no changes
Dec 03 19:51:46.231 INFO [stderr] warning: only one of `license` or `license-file` is necessary
Dec 03 19:51:46.516 INFO [stderr]    Compiling akaze v0.1.0 (/source)
Dec 03 19:52:11.659 INFO [stderr] warning: unused `std::result::Result` that must be used
Dec 03 19:52:11.659 INFO [stderr]    --> src/types/evolution.rs:164:5
Dec 03 19:52:11.659 INFO [stderr]     |
Dec 03 19:52:11.659 INFO [stderr] 164 |     write!(to_write, "{}{:05}.png", path_label, idx);
Dec 03 19:52:11.659 INFO [stderr]     |     ^^^^^^^^^^^^^^^^^^^^^^^^^^^^^^^^^^^^^^^^^^^^^^^^^
Dec 03 19:52:11.659 INFO [stderr]     |
Dec 03 19:52:11.659 INFO [stderr]     = note: #[warn(unused_must_use)] on by default
Dec 03 19:52:11.659 INFO [stderr]     = note: this `Result` may be an `Err` variant, which should be handled
Dec 03 19:52:11.659 INFO [stderr]     = note: this error originates in a macro outside of the current crate (in Nightly builds, run with -Z external-macro-backtrace for more info)
Dec 03 19:52:11.659 INFO [stderr] 
Dec 03 19:52:20.360 INFO [stderr]     Finished dev [unoptimized + debuginfo] target(s) in 34.17s
Dec 03 19:52:20.384 INFO [stderr] su: No module specific data is present
Dec 03 19:52:22.159 INFO running `"docker" "inspect" "355c881ae7ae9af1ee3816b62db24422430ba1fd05584773d2d8b7c522c2951a"`
Dec 03 19:52:22.396 INFO running `"docker" "rm" "-f" "355c881ae7ae9af1ee3816b62db24422430ba1fd05584773d2d8b7c522c2951a"`
Dec 03 19:52:22.811 INFO [stdout] 355c881ae7ae9af1ee3816b62db24422430ba1fd05584773d2d8b7c522c2951a
Dec 03 19:52:22.813 INFO running `"docker" "create" "-v" "/mnt/big/crater/work/local/target-dirs/beta-1.31-5/worker-7/master#8940af3cea4a9a9deabcaf843b2f8cad9a83fc61:/target:rw,Z" "-v" "/mnt/big/crater/work/local/test-source/worker-7/beta-1.31-5/master#8940af3cea4a9a9deabcaf843b2f8cad9a83fc61:/source:ro,Z" "-v" "/mnt/big/crater/work/local/cargo-home:/cargo-home:ro,Z" "-v" "/mnt/big/crater/work/local/rustup-home:/rustup-home:ro,Z" "-e" "USER_ID=1000" "-e" "SOURCE_DIR=/source" "-e" "USER_ID=1000" "-e" "CMD=cargo +8940af3cea4a9a9deabcaf843b2f8cad9a83fc61-alt test --frozen" "-e" "CARGO_TARGET_DIR=/target" "-e" "CARGO_INCREMENTAL=0" "-e" "RUST_BACKTRACE=full" "-e" "RUSTFLAGS=--cap-lints=warn" "-e" "CARGO_HOME=/cargo-home" "-e" "RUSTUP_HOME=/rustup-home" "-m" "1536M" "--network" "none" "crater"`
Dec 03 19:52:23.343 INFO [stdout] 2047d4b7220e8a473da4755a3912460b192901b953540e3e9c1351dff012737d
Dec 03 19:52:23.343 INFO running `"docker" "start" "-a" "2047d4b7220e8a473da4755a3912460b192901b953540e3e9c1351dff012737d"`
Dec 03 19:52:24.459 INFO [stderr] usermod: no changes
Dec 03 19:52:24.535 INFO [stderr] warning: only one of `license` or `license-file` is necessary
Dec 03 19:52:24.803 INFO [stderr]     Finished dev [unoptimized + debuginfo] target(s) in 0.31s
Dec 03 19:52:24.835 INFO [stderr]      Running /target/debug/deps/akaze-d9f99c32fda00c32
Dec 03 19:52:24.856 INFO [stdout] 
Dec 03 19:52:24.856 INFO [stdout] running 3 tests
Dec 03 19:52:24.856 INFO [stdout] test ops::derivatives::tests::scharr_3x3_off_axis_kernel ... ok
Dec 03 19:52:24.867 INFO [stdout] test types::image::tests::gaussian_kernel_correct ... ok
Dec 03 19:52:24.867 INFO [stdout] test ops::derivatives::tests::scharr_3x3_main_axis_kernel ... ok
Dec 03 19:52:24.867 INFO [stdout] 
Dec 03 19:52:24.867 INFO [stdout] test result: ok. 3 passed; 0 failed; 0 ignored; 0 measured; 0 filtered out
Dec 03 19:52:24.867 INFO [stdout] 
Dec 03 19:52:24.867 INFO [stderr]      Running /target/debug/deps/extract_and_match-dc4649cb3c5c6432
Dec 03 19:52:24.869 INFO [stdout] 
Dec 03 19:52:24.869 INFO [stdout] running 0 tests
Dec 03 19:52:24.869 INFO [stdout] 
Dec 03 19:52:24.869 INFO [stdout] test result: ok. 0 passed; 0 failed; 0 ignored; 0 measured; 0 filtered out
Dec 03 19:52:24.869 INFO [stdout] 
Dec 03 19:52:24.871 INFO [stderr]      Running /target/debug/deps/extract_features-f208babb72f8850a
Dec 03 19:52:24.879 INFO [stderr]      Running /target/debug/deps/match_features-ff28f613f3bc9526
Dec 03 19:52:24.879 INFO [stdout] 
Dec 03 19:52:24.879 INFO [stdout] running 0 tests
Dec 03 19:52:24.879 INFO [stdout] 
Dec 03 19:52:24.879 INFO [stdout] test result: ok. 0 passed; 0 failed; 0 ignored; 0 measured; 0 filtered out
Dec 03 19:52:24.879 INFO [stdout] 
Dec 03 19:52:24.879 INFO [stdout] 
Dec 03 19:52:24.879 INFO [stdout] running 0 tests
Dec 03 19:52:24.879 INFO [stdout] 
Dec 03 19:52:24.879 INFO [stdout] test result: ok. 0 passed; 0 failed; 0 ignored; 0 measured; 0 filtered out
Dec 03 19:52:24.879 INFO [stdout] 
Dec 03 19:52:24.883 INFO [stdout] 
Dec 03 19:52:24.883 INFO [stdout] running 3 tests
Dec 03 19:52:24.883 INFO [stderr]      Running /target/debug/deps/integration_test-63baf45beff327b0
Dec 03 19:52:24.891 INFO [stderr] DEBUG 2018-12-03T19:52:24Z: integration_test: Setting up matching test by extracting features from 2 images.
Dec 03 19:52:24.891 INFO [stderr]  WARN 2018-12-03T19:52:24Z: integration_test: Note: test data can be obtained from the akaze-test-data
Dec 03 19:52:24.891 INFO [stderr]         repository See README.md
Dec 03 19:52:24.987 INFO [stdout] test match_features ... FAILED
Dec 03 19:52:24.988 INFO [stdout] test test_locate_data ... FAILED
Dec 03 19:52:24.988 INFO [stdout] test extract_features ... FAILED
Dec 03 19:52:24.988 INFO [stdout] 
Dec 03 19:52:24.988 INFO [stdout] failures:
Dec 03 19:52:24.988 INFO [stdout] 
Dec 03 19:52:24.988 INFO [stdout] ---- match_features stdout ----
Dec 03 19:52:24.988 INFO [stdout] thread 'match_features' panicked at 'called `Result::unwrap()` on an `Err` value: IoError(Os { code: 2, kind: NotFound, message: "No such file or directory" })', libcore/result.rs:1009:5
Dec 03 19:52:24.988 INFO [stdout] stack backtrace:
Dec 03 19:52:24.988 INFO [stdout]    0:     0x5640b7ec3d8f - std::sys::unix::backtrace::tracing::imp::unwind_backtrace::h3a8b83e1922cbdde
Dec 03 19:52:24.988 INFO [stdout]                                at libstd/sys/unix/backtrace/tracing/gcc_s.rs:49
Dec 03 19:52:24.988 INFO [stdout]    1:     0x5640b7ecd187 - std::sys_common::backtrace::print::h00d3155a29b4020f
Dec 03 19:52:24.988 INFO [stdout]                                at libstd/sys_common/backtrace.rs:71
Dec 03 19:52:24.988 INFO [stdout]                                at libstd/sys_common/backtrace.rs:59
Dec 03 19:52:24.988 INFO [stdout]    2:     0x5640b7ec7bff - std::panicking::default_hook::{{closure}}::hd7465c742e79e1bb
Dec 03 19:52:24.988 INFO [stdout]                                at libstd/panicking.rs:211
Dec 03 19:52:24.988 INFO [stdout]    3:     0x5640b7ec78fe - std::panicking::default_hook::h9e3966f2aa2a6e12
Dec 03 19:52:24.988 INFO [stdout]                                at libstd/panicking.rs:221
Dec 03 19:52:24.988 INFO [stdout]    4:     0x5640b7ec82de - std::panicking::rust_panic_with_hook::h587f091ae747d080
Dec 03 19:52:24.988 INFO [stdout]                                at libstd/panicking.rs:476
Dec 03 19:52:24.988 INFO [stdout]    5:     0x5640b7ec7e81 - std::panicking::continue_panic_fmt::hb3a4fdede87f43a8
Dec 03 19:52:24.988 INFO [stdout]                                at libstd/panicking.rs:390
Dec 03 19:52:24.988 INFO [stdout]    6:     0x5640b7ec7d65 - rust_begin_unwind
Dec 03 19:52:24.988 INFO [stdout]                                at libstd/panicking.rs:325
Dec 03 19:52:24.988 INFO [stdout]    7:     0x5640b7f0deac - core::panicking::panic_fmt::h6f9cebf5e7474a0b
Dec 03 19:52:24.988 INFO [stdout]                                at libcore/panicking.rs:77
Dec 03 19:52:24.988 INFO [stdout]    8:     0x5640b79d1dc0 - core::result::unwrap_failed::h77de25f8044402ab
Dec 03 19:52:24.988 INFO [stdout]                                at libcore/macros.rs:26
Dec 03 19:52:24.988 INFO [stdout]    9:     0x5640b79d05fd - <core::result::Result<T, E>>::unwrap::hd685115d2c3b8f55
Dec 03 19:52:24.988 INFO [stdout]                                at libcore/result.rs:808
Dec 03 19:52:24.988 INFO [stdout]   10:     0x5640b79ab624 - akaze::extract_features::hdb24ee723f2835e8
Dec 03 19:52:24.988 INFO [stdout]                                at src/lib.rs:185
Dec 03 19:52:24.988 INFO [stdout]   11:     0x5640b793d65f - integration_test::match_features::h4af216ab70f25450
Dec 03 19:52:24.988 INFO [stdout]                                at tests/integration-test.rs:93
Dec 03 19:52:24.988 INFO [stdout]   12:     0x5640b793d319 - integration_test::match_features::{{closure}}::h02aa1a7209c0cf79
Dec 03 19:52:24.988 INFO [stdout]                                at tests/integration-test.rs:83
Dec 03 19:52:24.988 INFO [stdout]   13:     0x5640b79403bd - core::ops::function::FnOnce::call_once::hfefe1005f9c510fc
Dec 03 19:52:24.988 INFO [stdout]                                at libcore/ops/function.rs:238
Dec 03 19:52:24.988 INFO [stdout]   14:     0x5640b794392e - <F as alloc::boxed::FnBox<A>>::call_box::hac903f91577a156c
Dec 03 19:52:24.988 INFO [stdout]                                at libtest/lib.rs:1468
Dec 03 19:52:24.988 INFO [stdout]                                at libcore/ops/function.rs:238
Dec 03 19:52:24.988 INFO [stdout]                                at liballoc/boxed.rs:672
Dec 03 19:52:24.988 INFO [stdout]   15:     0x5640b7ed8139 - __rust_maybe_catch_panic
Dec 03 19:52:24.988 INFO [stdout]                                at libpanic_unwind/lib.rs:102
Dec 03 19:52:24.988 INFO [stdout]   16:     0x5640b7965582 - std::sys_common::backtrace::__rust_begin_short_backtrace::hb8f0d0309526c184
Dec 03 19:52:24.988 INFO [stdout]                                at libstd/panicking.rs:289
Dec 03 19:52:24.988 INFO [stdout]                                at libstd/panic.rs:392
Dec 03 19:52:24.988 INFO [stdout]                                at libtest/lib.rs:1423
Dec 03 19:52:24.988 INFO [stdout]                                at libstd/sys_common/backtrace.rs:136
Dec 03 19:52:24.988 INFO [stdout]   17:     0x5640b7966034 - std::panicking::try::do_call::hc2f7c8b9a348d8db
Dec 03 19:52:24.988 INFO [stdout]                                at libstd/thread/mod.rs:409
Dec 03 19:52:24.988 INFO [stdout]                                at libstd/panic.rs:313
Dec 03 19:52:24.988 INFO [stdout]                                at libstd/panicking.rs:310
Dec 03 19:52:24.988 INFO [stdout]   18:     0x5640b7ed8139 - __rust_maybe_catch_panic
Dec 03 19:52:24.988 INFO [stdout]                                at libpanic_unwind/lib.rs:102
Dec 03 19:52:24.988 INFO [stdout]   19:     0x5640b795326c - <F as alloc::boxed::FnBox<A>>::call_box::h6bfded618e480b32
Dec 03 19:52:24.988 INFO [stdout]                                at libstd/panicking.rs:289
Dec 03 19:52:24.988 INFO [stdout]                                at libstd/panic.rs:392
Dec 03 19:52:24.988 INFO [stdout]                                at libstd/thread/mod.rs:408
Dec 03 19:52:24.988 INFO [stdout]                                at liballoc/boxed.rs:672
Dec 03 19:52:24.988 INFO [stdout]   20:     0x5640b7ec5a8d - std::sys_common::thread::start_thread::h4c28257d67cdf9cb
Dec 03 19:52:24.988 INFO [stdout]                                at liballoc/boxed.rs:682
Dec 03 19:52:24.988 INFO [stdout]                                at libstd/sys_common/thread.rs:24
Dec 03 19:52:24.988 INFO [stdout]   21:     0x5640b7eb9505 - std::sys::unix::thread::Thread::new::thread_start::hfecb2e7eff8fd34f
Dec 03 19:52:24.988 INFO [stdout]                                at libstd/sys/unix/thread.rs:90
Dec 03 19:52:24.988 INFO [stdout]   22:     0x7f2b1f56f6b9 - start_thread
Dec 03 19:52:24.988 INFO [stdout]   23:     0x7f2b1f08f41c - clone
Dec 03 19:52:24.988 INFO [stdout]   24:                0x0 - <unknown>
Dec 03 19:52:24.988 INFO [stdout] 
Dec 03 19:52:24.988 INFO [stdout] ---- test_locate_data stdout ----
Dec 03 19:52:24.988 INFO [stdout] thread 'test_locate_data' panicked at 'called `Result::unwrap()` on an `Err` value: Os { code: 2, kind: NotFound, message: "No such file or directory" }', libcore/result.rs:1009:5
Dec 03 19:52:24.988 INFO [stdout] stack backtrace:
Dec 03 19:52:24.988 INFO [stdout]    0:     0x5640b7ec3d8f - std::sys::unix::backtrace::tracing::imp::unwind_backtrace::h3a8b83e1922cbdde
Dec 03 19:52:24.988 INFO [stdout]                                at libstd/sys/unix/backtrace/tracing/gcc_s.rs:49
Dec 03 19:52:24.988 INFO [stdout]    1:     0x5640b7ecd187 - std::sys_common::backtrace::print::h00d3155a29b4020f
Dec 03 19:52:24.988 INFO [stdout]                                at libstd/sys_common/backtrace.rs:71
Dec 03 19:52:24.988 INFO [stdout]                                at libstd/sys_common/backtrace.rs:59
Dec 03 19:52:24.988 INFO [stdout]    2:     0x5640b7ec7bff - std::panicking::default_hook::{{closure}}::hd7465c742e79e1bb
Dec 03 19:52:24.988 INFO [stdout]                                at libstd/panicking.rs:211
Dec 03 19:52:24.988 INFO [stdout]    3:     0x5640b7ec78fe - std::panicking::default_hook::h9e3966f2aa2a6e12
Dec 03 19:52:24.988 INFO [stdout]                                at libstd/panicking.rs:221
Dec 03 19:52:24.988 INFO [stdout]    4:     0x5640b7ec82de - std::panicking::rust_panic_with_hook::h587f091ae747d080
Dec 03 19:52:24.988 INFO [stdout]                                at libstd/panicking.rs:476
Dec 03 19:52:24.988 INFO [stdout]    5:     0x5640b7ec7e81 - std::panicking::continue_panic_fmt::hb3a4fdede87f43a8
Dec 03 19:52:24.988 INFO [stdout]                                at libstd/panicking.rs:390
Dec 03 19:52:24.988 INFO [stdout]    6:     0x5640b7ec7d65 - rust_begin_unwind
Dec 03 19:52:24.989 INFO [stdout]                                at libstd/panicking.rs:325
Dec 03 19:52:24.989 INFO [stdout]    7:     0x5640b7f0deac - core::panicking::panic_fmt::h6f9cebf5e7474a0b
Dec 03 19:52:24.989 INFO [stdout]                                at libcore/panicking.rs:77
Dec 03 19:52:24.989 INFO [stdout]    8:     0x5640b7da0110 - core::result::unwrap_failed::hcd437e0d9f4075bb
Dec 03 19:52:24.989 INFO [stdout]                                at libcore/macros.rs:26
Dec 03 19:52:24.989 INFO [stdout]    9:     0x5640b793fe7c - <core::result::Result<T, E>>::unwrap::hfa1ac000daa3abef
Dec 03 19:52:24.989 INFO [stdout]                                at libcore/result.rs:808
Dec 03 19:52:24.989 INFO [stdout]   10:     0x5640b793b871 - integration_test::test_locate_data::h9399bd1d1a3b035f
Dec 03 19:52:24.989 INFO [stdout]                                at tests/integration-test.rs:33
Dec 03 19:52:24.989 INFO [stdout]   11:     0x5640b793b6b9 - integration_test::test_locate_data::{{closure}}::h4a570db858e0985a
Dec 03 19:52:24.989 INFO [stdout]                                at tests/integration-test.rs:25
Dec 03 19:52:24.989 INFO [stdout]   12:     0x5640b79402fd - core::ops::function::FnOnce::call_once::hd827dde5f223a21a
Dec 03 19:52:24.989 INFO [stdout]                                at libcore/ops/function.rs:238
Dec 03 19:52:24.989 INFO [stdout]   13:     0x5640b794392e - <F as alloc::boxed::FnBox<A>>::call_box::hac903f91577a156c
Dec 03 19:52:24.989 INFO [stdout]                                at libtest/lib.rs:1468
Dec 03 19:52:24.989 INFO [stdout]                                at libcore/ops/function.rs:238
Dec 03 19:52:24.989 INFO [stdout]                                at liballoc/boxed.rs:672
Dec 03 19:52:24.989 INFO [stdout]   14:     0x5640b7ed8139 - __rust_maybe_catch_panic
Dec 03 19:52:24.989 INFO [stdout]                                at libpanic_unwind/lib.rs:102
Dec 03 19:52:24.989 INFO [stdout]   15:     0x5640b7965582 - std::sys_common::backtrace::__rust_begin_short_backtrace::hb8f0d0309526c184
Dec 03 19:52:24.989 INFO [stdout]                                at libstd/panicking.rs:289
Dec 03 19:52:24.989 INFO [stdout]                                at libstd/panic.rs:392
Dec 03 19:52:24.989 INFO [stdout]                                at libtest/lib.rs:1423
Dec 03 19:52:24.989 INFO [stdout]                                at libstd/sys_common/backtrace.rs:136
Dec 03 19:52:24.989 INFO [stdout]   16:     0x5640b7966034 - std::panicking::try::do_call::hc2f7c8b9a348d8db
Dec 03 19:52:24.989 INFO [stdout]                                at libstd/thread/mod.rs:409
Dec 03 19:52:24.989 INFO [stdout]                                at libstd/panic.rs:313
Dec 03 19:52:24.989 INFO [stdout]                                at libstd/panicking.rs:310
Dec 03 19:52:24.989 INFO [stdout]   17:     0x5640b7ed8139 - __rust_maybe_catch_panic
Dec 03 19:52:24.989 INFO [stdout]                                at libpanic_unwind/lib.rs:102
Dec 03 19:52:24.989 INFO [stdout]   18:     0x5640b795326c - <F as alloc::boxed::FnBox<A>>::call_box::h6bfded618e480b32
Dec 03 19:52:24.989 INFO [stdout]                                at libstd/panicking.rs:289
Dec 03 19:52:24.989 INFO [stdout]                                at libstd/panic.rs:392
Dec 03 19:52:24.989 INFO [stdout]                                at libstd/thread/mod.rs:408
Dec 03 19:52:24.989 INFO [stdout]                                at liballoc/boxed.rs:672
Dec 03 19:52:24.989 INFO [stdout]   19:     0x5640b7ec5a8d - std::sys_common::thread::start_thread::h4c28257d67cdf9cb
Dec 03 19:52:24.989 INFO [stdout]                                at liballoc/boxed.rs:682
Dec 03 19:52:24.989 INFO [stdout]                                at libstd/sys_common/thread.rs:24
Dec 03 19:52:24.989 INFO [stdout]   20:     0x5640b7eb9505 - std::sys::unix::thread::Thread::new::thread_start::hfecb2e7eff8fd34f
Dec 03 19:52:24.989 INFO [stdout]                                at libstd/sys/unix/thread.rs:90
Dec 03 19:52:24.989 INFO [stdout]   21:     0x7f2b1f56f6b9 - start_thread
Dec 03 19:52:24.989 INFO [stdout]   22:     0x7f2b1f08f41c - clone
Dec 03 19:52:24.989 INFO [stdout]   23:                0x0 - <unknown>
Dec 03 19:52:24.989 INFO [stdout] 
Dec 03 19:52:24.989 INFO [stdout] ---- extract_features stdout ----
Dec 03 19:52:24.989 INFO [stdout] thread 'extract_features' panicked at 'called `Result::unwrap()` on an `Err` value: IoError(Os { code: 2, kind: NotFound, message: "No such file or directory" })', libcore/result.rs:1009:5
Dec 03 19:52:24.989 INFO [stdout] stack backtrace:
Dec 03 19:52:24.989 INFO [stdout]    0:     0x5640b7ec3d8f - std::sys::unix::backtrace::tracing::imp::unwind_backtrace::h3a8b83e1922cbdde
Dec 03 19:52:24.989 INFO [stdout]                                at libstd/sys/unix/backtrace/tracing/gcc_s.rs:49
Dec 03 19:52:24.989 INFO [stdout]    1:     0x5640b7ecd187 - std::sys_common::backtrace::print::h00d3155a29b4020f
Dec 03 19:52:24.989 INFO [stdout]                                at libstd/sys_common/backtrace.rs:71
Dec 03 19:52:24.989 INFO [stdout]                                at libstd/sys_common/backtrace.rs:59
Dec 03 19:52:24.989 INFO [stdout]    2:     0x5640b7ec7bff - std::panicking::default_hook::{{closure}}::hd7465c742e79e1bb
Dec 03 19:52:24.989 INFO [stdout]                                at libstd/panicking.rs:211
Dec 03 19:52:24.989 INFO [stdout]    3:     0x5640b7ec78fe - std::panicking::default_hook::h9e3966f2aa2a6e12
Dec 03 19:52:24.989 INFO [stdout]                                at libstd/panicking.rs:221
Dec 03 19:52:24.989 INFO [stdout]    4:     0x5640b7ec82de - std::panicking::rust_panic_with_hook::h587f091ae747d080
Dec 03 19:52:24.989 INFO [stdout]                                at libstd/panicking.rs:476
Dec 03 19:52:24.989 INFO [stdout]    5:     0x5640b7ec7e81 - std::panicking::continue_panic_fmt::hb3a4fdede87f43a8
Dec 03 19:52:24.989 INFO [stdout]                                at libstd/panicking.rs:390
Dec 03 19:52:24.989 INFO [stdout]    6:     0x5640b7ec7d65 - rust_begin_unwind
Dec 03 19:52:24.989 INFO [stdout]                                at libstd/panicking.rs:325
Dec 03 19:52:24.989 INFO [stdout]    7:     0x5640b7f0deac - core::panicking::panic_fmt::h6f9cebf5e7474a0b
Dec 03 19:52:24.989 INFO [stdout]                                at libcore/panicking.rs:77
Dec 03 19:52:24.989 INFO [stdout]    8:     0x5640b79d1dc0 - core::result::unwrap_failed::h77de25f8044402ab
Dec 03 19:52:24.989 INFO [stdout]                                at libcore/macros.rs:26
Dec 03 19:52:24.989 INFO [stdout]    9:     0x5640b79d05fd - <core::result::Result<T, E>>::unwrap::hd685115d2c3b8f55
Dec 03 19:52:24.989 INFO [stdout]                                at libcore/result.rs:808
Dec 03 19:52:24.989 INFO [stdout]   10:     0x5640b79ab624 - akaze::extract_features::hdb24ee723f2835e8
Dec 03 19:52:24.989 INFO [stdout]                                at src/lib.rs:185
Dec 03 19:52:24.989 INFO [stdout]   11:     0x5640b793bcff - integration_test::extract_features::h0d52c827eb35d6a3
Dec 03 19:52:24.989 INFO [stdout]                                at tests/integration-test.rs:53
Dec 03 19:52:24.989 INFO [stdout]   12:     0x5640b793ba39 - integration_test::extract_features::{{closure}}::h07d86edc7aa1a227
Dec 03 19:52:24.989 INFO [stdout]                                at tests/integration-test.rs:43
Dec 03 19:52:24.989 INFO [stdout]   13:     0x5640b794037d - core::ops::function::FnOnce::call_once::hedbba84bbfa81925
Dec 03 19:52:24.989 INFO [stdout]                                at libcore/ops/function.rs:238
Dec 03 19:52:24.989 INFO [stdout]   14:     0x5640b794392e - <F as alloc::boxed::FnBox<A>>::call_box::hac903f91577a156c
Dec 03 19:52:24.989 INFO [stdout]                                at libtest/lib.rs:1468
Dec 03 19:52:24.989 INFO [stdout]                                at libcore/ops/function.rs:238
Dec 03 19:52:24.989 INFO [stdout]                                at liballoc/boxed.rs:672
Dec 03 19:52:24.989 INFO [stdout]   15:     0x5640b7ed8139 - __rust_maybe_catch_panic
Dec 03 19:52:24.989 INFO [stdout]                                at libpanic_unwind/lib.rs:102
Dec 03 19:52:24.989 INFO [stdout]   16:     0x5640b7965582 - std::sys_common::backtrace::__rust_begin_short_backtrace::hb8f0d0309526c184
Dec 03 19:52:24.989 INFO [stdout]                                at libstd/panicking.rs:289
Dec 03 19:52:24.989 INFO [stdout]                                at libstd/panic.rs:392
Dec 03 19:52:24.990 INFO [stdout]                                at libtest/lib.rs:1423
Dec 03 19:52:24.990 INFO [stdout]                                at libstd/sys_common/backtrace.rs:136
Dec 03 19:52:24.990 INFO [stdout]   17:     0x5640b7966034 - std::panicking::try::do_call::hc2f7c8b9a348d8db
Dec 03 19:52:24.990 INFO [stdout]                                at libstd/thread/mod.rs:409
Dec 03 19:52:24.990 INFO [stdout]                                at libstd/panic.rs:313
Dec 03 19:52:24.990 INFO [stdout]                                at libstd/panicking.rs:310
Dec 03 19:52:24.990 INFO [stdout]   18:     0x5640b7ed8139 - __rust_maybe_catch_panic
Dec 03 19:52:24.990 INFO [stdout]                                at libpanic_unwind/lib.rs:102
Dec 03 19:52:24.990 INFO [stdout]   19:     0x5640b795326c - <F as alloc::boxed::FnBox<A>>::call_box::h6bfded618e480b32
Dec 03 19:52:24.990 INFO [stdout]                                at libstd/panicking.rs:289
Dec 03 19:52:24.990 INFO [stdout]                                at libstd/panic.rs:392
Dec 03 19:52:24.990 INFO [stdout]                                at libstd/thread/mod.rs:408
Dec 03 19:52:24.990 INFO [stdout]                                at liballoc/boxed.rs:672
Dec 03 19:52:24.990 INFO [stdout]   20:     0x5640b7ec5a8d - std::sys_common::thread::start_thread::h4c28257d67cdf9cb
Dec 03 19:52:24.990 INFO [stdout]                                at liballoc/boxed.rs:682
Dec 03 19:52:24.990 INFO [stdout]                                at libstd/sys_common/thread.rs:24
Dec 03 19:52:24.990 INFO [stdout]   21:     0x5640b7eb9505 - std::sys::unix::thread::Thread::new::thread_start::hfecb2e7eff8fd34f
Dec 03 19:52:24.990 INFO [stdout]                                at libstd/sys/unix/thread.rs:90
Dec 03 19:52:24.990 INFO [stdout]   22:     0x7f2b1f56f6b9 - start_thread
Dec 03 19:52:24.990 INFO [stdout]   23:     0x7f2b1f08f41c - clone
Dec 03 19:52:24.990 INFO [stdout]   24:                0x0 - <unknown>
Dec 03 19:52:24.990 INFO [stdout] 
Dec 03 19:52:24.990 INFO [stdout] 
Dec 03 19:52:24.990 INFO [stdout] failures:
Dec 03 19:52:24.990 INFO [stdout]     extract_features
Dec 03 19:52:24.990 INFO [stdout]     match_features
Dec 03 19:52:24.990 INFO [stdout]     test_locate_data
Dec 03 19:52:24.990 INFO [stdout] 
Dec 03 19:52:24.990 INFO [stdout] test result: FAILED. 0 passed; 3 failed; 0 ignored; 0 measured; 0 filtered out
Dec 03 19:52:24.990 INFO [stdout] 
Dec 03 19:52:24.990 INFO [stderr] error: test failed, to rerun pass '--test integration-test'
Dec 03 19:52:24.999 INFO [stderr] su: No module specific data is present
Dec 03 19:52:25.950 INFO running `"docker" "inspect" "2047d4b7220e8a473da4755a3912460b192901b953540e3e9c1351dff012737d"`
Dec 03 19:52:26.340 INFO running `"docker" "rm" "-f" "2047d4b7220e8a473da4755a3912460b192901b953540e3e9c1351dff012737d"`
Dec 03 19:52:26.711 INFO [stdout] 2047d4b7220e8a473da4755a3912460b192901b953540e3e9c1351dff012737d
